{"id":55,"date":"2026-03-20T16:49:24","date_gmt":"2026-03-20T16:49:24","guid":{"rendered":"https:\/\/frbio.blogs.ruhr-uni-bochum.de\/?page_id=55"},"modified":"2026-03-20T16:49:34","modified_gmt":"2026-03-20T16:49:34","slug":"gremien","status":"publish","type":"page","link":"https:\/\/frbio.blogs.ruhr-uni-bochum.de\/index.php\/gremien\/","title":{"rendered":"Gremien"},"content":{"rendered":"\n<p><strong>FakRat, FSVK, QVK \u2026 Was?<\/strong> Wenn wir von irgendwelchen komischen Abk\u00fcrzungen reden, reden wir meist von Gremien. Hier findest du einen \u00dcberblick aller Gremien. Wer f\u00fcr welches Gremium verantwortlich ist, findest du bei den Mitgliedern.<\/p>\n\n\n\n<p><br><strong>Fakult\u00e4tskommission f\u00fcr Struktur und Finanzen (FKS)<\/strong>:<br>nIn diesem Gremium werden Fragen der Strukturentwicklung und Finanzen der Fakult\u00e4t besprochen. Dabei treten wir nat\u00fcrlich f\u00fcr die W\u00fcnsche und Anspr\u00fcche der Studenten ein.Dieses Gremium trifft sich ein bis zweimal im Semester und hat dabei eine beratende Funktion f\u00fcr den Fakult\u00e4tsrat in Fragen der Struktur(-entwicklung) und Finanzen.<\/p>\n\n\n\n<p>Anzahl der Stimmen: 1<\/p>\n\n\n\n<p><br><strong>Studienbeirat (ehem. FKL)<\/strong><br>Diese Kommission trifft sich genau wie die FKS ein bis zweimal im Semester und aber befasst sich mit allen Anliegen der Lehre. Sei es die Verbesserung der Chemie- oder Physikausbildung oder Umstrukturierungen des Stundenplans. Auch hierbei handelt es sich um ein beratendes Gremium des Fakult\u00e4tsrats. Jedoch geht es dabei um Fragen der Lehre.<\/p>\n\n\n\n<p>Anzahl der Stimmen: 2<\/p>\n\n\n\n<p><strong><br>Pr\u00fcfungsausschuss (PA):<\/strong><br>In diesem Ausschuss d\u00fcrfen nur Studierende sitzen, die alle Biologie Grundmodulpr\u00fcfungen bestanden haben. Hier werden alle Einspr\u00fcche der Biologie-Klausuren behandelt und auch die H\u00e4rtef\u00e4lle in den Abschlussarbeiten bestimmt. Des Weiteren befassen sich die Mitglieder des PAs mit allen Belangen der Pr\u00fcfungsordnung. Die gew\u00e4hlten Mitglieder sind zur Verschwiegenheit verpflichtet und haben in Abstimmungen \u00fcber Noten kein Stimmrecht. Jedoch k\u00f6nnen wir uns f\u00fcr eure Anliegen einsetzen und die Dozenten mit Argumenten \u00fcberzeugen \ud83d\ude09<\/p>\n\n\n\n<p>Anzahl der Stimmen: 2<\/p>\n\n\n\n<p><br><strong>Fakult\u00e4tsrat (FakRat):<\/strong><br>Der Fakult\u00e4tsrat ist das h\u00f6chste Gremium der Fakult\u00e4t, indem alle Beschl\u00fcsse verabschiedet werden. Hier werden Berichte aus den beratenden Gremien (FKL und FKS) vorgetragen und (nach manch hitzigen Diskussionen \ud83d\ude09 ) auch beschlossen. Das Besondere am Fakult\u00e4tsrat ist, dass es einen \u00f6ffentlichen Teil gibt! Das bedeutet auch ihr d\u00fcrft uns hierbei \u00fcber die Schultern schauen! Bei dem nicht \u00f6ffentlichen Teil m\u00fcssen alle Nicht-Mitglieder den Raum verlassen. Grund hierf\u00fcr, es geht um Personalfragen. Der Termin wird in der Regel nach der FKS und FKL gelegt, damit auch ihre Berichte vorliegen k\u00f6nnen.<\/p>\n\n\n\n<p>Anzahl der Stimmen: 3<\/p>\n\n\n\n<p><br><strong>Berufungskommission:<\/strong><br>Das ist eine besondere Kommission, die nur dann zusammenkommt, wenn ein neuer Lehrstuhl besetzt werden muss oder eine Arbeitsgruppe gegr\u00fcndet\/ neu besetzt wird. Sie trifft sich somit unregelm\u00e4\u00dfig und die Mitglieder werden f\u00fcr jede neue Berufungskommission neu bestimmt.<\/p>\n\n\n\n<p><br><strong>QVK:<\/strong><br>In der Qualit\u00e4tsverbesserungskommission (QVK) werden die Qualit\u00e4tsverbesserungsmittel (QVM) verteilt. Diese Mittel wurden den Universit\u00e4ten als Kompensation f\u00fcr die wegfallenden Studiengeb\u00fchren vom Land zur Verf\u00fcgung gestellt. An unserer Fakult\u00e4t werden von diesen Mitteln zum Beispiel der Naturwissenschaftsvorkurs und das Erstsemestertutorium bezahlt.<\/p>\n\n\n\n<p>Anzahl der Stimmen: 3<\/p>\n\n\n\n<p><br><strong>FSVK:<\/strong><br>Die Fachschaftsvertreterkonferenz (FSVK) ist vor allem ein Koordinationsgremium, in dem sich die Fachschaftsr\u00e4te mit ihren Vertretern untereinander austauschen k\u00f6nnen. Die FSVK ist dar\u00fcber hinaus Bindeglied zum allgemeinen Studierendenausschuss (AStA), zum Studierendenparlament (StuPa) und zur Verwaltung der RUB und versucht, die gemeinsam gefassten Beschl\u00fcsse auf diesen Ebenen umzusetzen. Die FSVK-Sitzungen finden in der Vorlesungszeit immer montags um 18 Uhr im Ausl\u00e4nderInnenzentrum (hinterm KulturCaf\u00e9) statt.<\/p>\n","protected":false},"excerpt":{"rendered":"<p>FakRat, FSVK, QVK \u2026 Was? Wenn wir von irgendwelchen komischen Abk\u00fcrzungen reden, reden wir meist von Gremien. Hier findest du einen \u00dcberblick aller Gremien. Wer f\u00fcr welches Gremium verantwortlich ist, findest du bei den Mitgliedern. Fakult\u00e4tskommission f\u00fcr Struktur und Finanzen (FKS):nIn diesem Gremium werden Fragen der Strukturentwicklung und Finanzen der Fakult\u00e4t besprochen. Dabei treten wir [&hellip;]<\/p>\n","protected":false},"author":1,"featured_media":0,"parent":0,"menu_order":0,"comment_status":"closed","ping_status":"closed","template":"","meta":{"footnotes":""},"class_list":["post-55","page","type-page","status-publish","hentry"],"_links":{"self":[{"href":"https:\/\/frbio.blogs.ruhr-uni-bochum.de\/index.php\/wp-json\/wp\/v2\/pages\/55","targetHints":{"allow":["GET"]}}],"collection":[{"href":"https:\/\/frbio.blogs.ruhr-uni-bochum.de\/index.php\/wp-json\/wp\/v2\/pages"}],"about":[{"href":"https:\/\/frbio.blogs.ruhr-uni-bochum.de\/index.php\/wp-json\/wp\/v2\/types\/page"}],"author":[{"embeddable":true,"href":"https:\/\/frbio.blogs.ruhr-uni-bochum.de\/index.php\/wp-json\/wp\/v2\/users\/1"}],"replies":[{"embeddable":true,"href":"https:\/\/frbio.blogs.ruhr-uni-bochum.de\/index.php\/wp-json\/wp\/v2\/comments?post=55"}],"version-history":[{"count":2,"href":"https:\/\/frbio.blogs.ruhr-uni-bochum.de\/index.php\/wp-json\/wp\/v2\/pages\/55\/revisions"}],"predecessor-version":[{"id":57,"href":"https:\/\/frbio.blogs.ruhr-uni-bochum.de\/index.php\/wp-json\/wp\/v2\/pages\/55\/revisions\/57"}],"wp:attachment":[{"href":"https:\/\/frbio.blogs.ruhr-uni-bochum.de\/index.php\/wp-json\/wp\/v2\/media?parent=55"}],"curies":[{"name":"wp","href":"https:\/\/api.w.org\/{rel}","templated":true}]}}