{"id":45,"date":"2026-03-20T16:39:43","date_gmt":"2026-03-20T16:39:43","guid":{"rendered":"https:\/\/frbio.blogs.ruhr-uni-bochum.de\/?page_id=45"},"modified":"2026-03-20T16:40:12","modified_gmt":"2026-03-20T16:40:12","slug":"weiterfuehrende-links","status":"publish","type":"page","link":"https:\/\/frbio.blogs.ruhr-uni-bochum.de\/index.php\/weiterfuehrende-links\/","title":{"rendered":"WEITERF\u00dcHRENDE LINKS"},"content":{"rendered":"\n<p>Hier findet Ihr eine \u00dcbersicht an Links zu vielen n\u00fctzlichen Webseiten.<br><br><strong>Fakult\u00e4t:<\/strong><br><a href=\"https:\/\/www.biologie.ruhr-uni-bochum.de\/index.html.de\">Fakult\u00e4ts Website<\/a><br><a href=\"https:\/\/www.biologie.ruhr-uni-bochum.de\/studium\/termine\/index.html.de\">Termine Fakult\u00e4t<\/a><br><a href=\"https:\/\/www.instagram.com\/biologie.rub\/\">Instagram Kanal Fakult\u00e4t<\/a><br><a href=\"https:\/\/www.biologie.ruhr-uni-bochum.de\/biodek\/studium\/studienberatung.html.de\">Studienberatung<\/a><br><a href=\"https:\/\/lists.ruhr-uni-bochum.de\/mailman\/listinfo\/bio-news\">Bio-Newsletter Anmeldung<\/a><br><a href=\"https:\/\/www.biologie.ruhr-uni-bochum.de\/biodek\/ausschreibungen\/index.html.de\">Stellenausschreibungen<\/a><br><br><strong>Ruhr-Universit\u00e4t:<\/strong><br><a href=\"https:\/\/www.ruhr-uni-bochum.de\/de\" data-type=\"link\" data-id=\"https:\/\/www.ruhr-uni-bochum.de\/de\">RUB Website<\/a><br><a href=\"https:\/\/www.instagram.com\/ruhrunibochum\/\">Instagram Kanal RUB<\/a><br><a href=\"https:\/\/www.ruhr-uni-bochum.de\/ecampus\/ecampus-webclient\/login_studierende.html\" data-type=\"link\" data-id=\"https:\/\/www.ruhr-uni-bochum.de\/ecampus\/ecampus-webclient\/login_studierende.html\">Ecampus login<\/a><br><a href=\"https:\/\/moodle.ruhr-uni-bochum.de\/my\/\">Moodle RUB<\/a><br><a href=\"https:\/\/seafile.noc.ruhr-uni-bochum.de\/accounts\/login\/?next=\/\">Seafile RUB<\/a><br><br><br><strong>AKAF\u00d6:<\/strong><br><a href=\"https:\/\/www.akafoe.de\/essen\/mensen-und-cafeterien\/speiseplan\/a0f40678-5e86-4ae4-9ff1-ae1e9e25934b\" data-type=\"link\" data-id=\"https:\/\/www.akafoe.de\/essen\/mensen-und-cafeterien\/speiseplan\/a0f40678-5e86-4ae4-9ff1-ae1e9e25934b\">Essensplan Mensa<\/a><br><a href=\"https:\/\/www.akafoe.de\/essen\/mensen-und-cafeterien\/speiseplan\/a0f4067a-78d2-42c2-a3de-1006cf571dea\" data-type=\"link\" data-id=\"https:\/\/www.akafoe.de\/essen\/mensen-und-cafeterien\/speiseplan\/a0f4067a-78d2-42c2-a3de-1006cf571dea\">Essensplan Rote Bete<\/a><br><br><strong>AStA:<\/strong><br><a href=\"https:\/\/asta-bochum.de\/\" data-type=\"link\" data-id=\"https:\/\/asta-bochum.de\/\">AStA Website<\/a><br><a href=\"https:\/\/asta-bochum.de\/repaircafe\/\" data-type=\"link\" data-id=\"https:\/\/asta-bochum.de\/repaircafe\/\">Reapair-Caf\u00e9<\/a><br><a href=\"https:\/\/asta-bochum.de\/kulturcafe\/\" data-type=\"link\" data-id=\"https:\/\/asta-bochum.de\/kulturcafe\/\">Kulturcaf\u00e9 Website<\/a><br><a href=\"https:\/\/apps.apple.com\/us\/app\/campus-app-by-asta-rub\/id6444131030\" data-type=\"link\" data-id=\"https:\/\/apps.apple.com\/us\/app\/campus-app-by-asta-rub\/id6444131030\">Campus-App iOS<\/a><br><a href=\"https:\/\/play.google.com\/store\/apps\/details?id=de.asta_bochum.campus_app&amp;hl=de\" data-type=\"link\" data-id=\"https:\/\/play.google.com\/store\/apps\/details?id=de.asta_bochum.campus_app&amp;hl=de\">Campus-App Android<\/a><br><br><strong>FSVK:<\/strong><br><a href=\"https:\/\/fsvkbo.de\/\" data-type=\"link\" data-id=\"https:\/\/fsvkbo.de\/\">FSVK Website<\/a><br><\/p>\n\n\n\n<p><\/p>\n","protected":false},"excerpt":{"rendered":"<p>Hier findet Ihr eine \u00dcbersicht an Links zu vielen n\u00fctzlichen Webseiten. Fakult\u00e4t:Fakult\u00e4ts WebsiteTermine Fakult\u00e4tInstagram Kanal Fakult\u00e4tStudienberatungBio-Newsletter AnmeldungStellenausschreibungen Ruhr-Universit\u00e4t:RUB WebsiteInstagram Kanal RUBEcampus loginMoodle RUBSeafile RUB AKAF\u00d6:Essensplan MensaEssensplan Rote Bete AStA:AStA WebsiteReapair-Caf\u00e9Kulturcaf\u00e9 WebsiteCampus-App iOSCampus-App Android FSVK:FSVK Website<\/p>\n","protected":false},"author":1,"featured_media":0,"parent":0,"menu_order":0,"comment_status":"closed","ping_status":"closed","template":"","meta":{"footnotes":""},"class_list":["post-45","page","type-page","status-publish","hentry"],"_links":{"self":[{"href":"https:\/\/frbio.blogs.ruhr-uni-bochum.de\/index.php\/wp-json\/wp\/v2\/pages\/45","targetHints":{"allow":["GET"]}}],"collection":[{"href":"https:\/\/frbio.blogs.ruhr-uni-bochum.de\/index.php\/wp-json\/wp\/v2\/pages"}],"about":[{"href":"https:\/\/frbio.blogs.ruhr-uni-bochum.de\/index.php\/wp-json\/wp\/v2\/types\/page"}],"author":[{"embeddable":true,"href":"https:\/\/frbio.blogs.ruhr-uni-bochum.de\/index.php\/wp-json\/wp\/v2\/users\/1"}],"replies":[{"embeddable":true,"href":"https:\/\/frbio.blogs.ruhr-uni-bochum.de\/index.php\/wp-json\/wp\/v2\/comments?post=45"}],"version-history":[{"count":5,"href":"https:\/\/frbio.blogs.ruhr-uni-bochum.de\/index.php\/wp-json\/wp\/v2\/pages\/45\/revisions"}],"predecessor-version":[{"id":50,"href":"https:\/\/frbio.blogs.ruhr-uni-bochum.de\/index.php\/wp-json\/wp\/v2\/pages\/45\/revisions\/50"}],"wp:attachment":[{"href":"https:\/\/frbio.blogs.ruhr-uni-bochum.de\/index.php\/wp-json\/wp\/v2\/media?parent=45"}],"curies":[{"name":"wp","href":"https:\/\/api.w.org\/{rel}","templated":true}]}}