{"id":181,"date":"2026-04-06T15:25:27","date_gmt":"2026-04-06T15:25:27","guid":{"rendered":"https:\/\/frbio.blogs.ruhr-uni-bochum.de\/?page_id=181"},"modified":"2026-04-06T18:06:13","modified_gmt":"2026-04-06T18:06:13","slug":"fsr-biologie","status":"publish","type":"page","link":"https:\/\/frbio.blogs.ruhr-uni-bochum.de\/","title":{"rendered":"FSR Biologie"},"content":{"rendered":"\n<div class=\"wp-block-columns is-layout-flex wp-container-core-columns-is-layout-28f84493 wp-block-columns-is-layout-flex\">\n<div class=\"wp-block-column is-layout-flow wp-block-column-is-layout-flow\">\n<p><strong>Willkommen beim Fachschaftsrat Biologie!<\/strong><\/p>\n\n\n\n<p>Wir, der Fachschaftsrat Biologie, sind eure Ansprechpartner*innen f\u00fcr alles rund ums Studium. Ob Fragen zu Pr\u00fcfungen, Bereitstellung von Ged\u00e4chtnisprotokollen oder Unterst\u00fctzung bei organisatorischen Anliegen \u2013 wir stehen euch zur Seite. Dar\u00fcber hinaus organisieren wir Veranstaltungen, f\u00f6rdern den Austausch zwischen Studierenden und stellen sicher, dass ihr gut informiert und miteinander vernetzt seid.<\/p>\n<\/div>\n\n\n\n<div class=\"wp-block-column is-layout-flow wp-block-column-is-layout-flow\">\n<figure class=\"wp-block-image size-large\"><img loading=\"lazy\" decoding=\"async\" width=\"1024\" height=\"336\" src=\"https:\/\/frbio.blogs.ruhr-uni-bochum.de\/wp-content\/uploads\/2026\/03\/Fachschaftsrat-Bio-Schriftzug-blau-1-1024x336.png\" alt=\"FSR Biologie Logo RUB\" class=\"wp-image-21\" srcset=\"https:\/\/frbio.blogs.ruhr-uni-bochum.de\/wp-content\/uploads\/2026\/03\/Fachschaftsrat-Bio-Schriftzug-blau-1-1024x336.png 1024w, https:\/\/frbio.blogs.ruhr-uni-bochum.de\/wp-content\/uploads\/2026\/03\/Fachschaftsrat-Bio-Schriftzug-blau-1-300x98.png 300w, https:\/\/frbio.blogs.ruhr-uni-bochum.de\/wp-content\/uploads\/2026\/03\/Fachschaftsrat-Bio-Schriftzug-blau-1-768x252.png 768w, https:\/\/frbio.blogs.ruhr-uni-bochum.de\/wp-content\/uploads\/2026\/03\/Fachschaftsrat-Bio-Schriftzug-blau-1-1536x504.png 1536w, https:\/\/frbio.blogs.ruhr-uni-bochum.de\/wp-content\/uploads\/2026\/03\/Fachschaftsrat-Bio-Schriftzug-blau-1-2048x672.png 2048w\" sizes=\"auto, (max-width: 1024px) 100vw, 1024px\" \/><\/figure>\n<\/div>\n<\/div>\n\n\n\n<p><strong>Ihr habt Ideen, Fragen oder m\u00f6chtet selbst aktiv werden?<\/strong><br>Dann schaut bei unseren Treffen vorbei oder schreibt uns: frbio@rub.de \u2013 wir freuen uns auf euch!<\/p>\n\n\n\n<p><\/p>\n","protected":false},"excerpt":{"rendered":"<p>Willkommen beim Fachschaftsrat Biologie! Wir, der Fachschaftsrat Biologie, sind eure Ansprechpartner*innen f\u00fcr alles rund ums Studium. Ob Fragen zu Pr\u00fcfungen, [&hellip;]<\/p>\n","protected":false},"author":1,"featured_media":0,"parent":0,"menu_order":0,"comment_status":"closed","ping_status":"closed","template":"","meta":{"site-sidebar-layout":"default","site-content-layout":"","ast-site-content-layout":"default","site-content-style":"default","site-sidebar-style":"default","ast-global-header-display":"","ast-banner-title-visibility":"","ast-main-header-display":"","ast-hfb-above-header-display":"","ast-hfb-below-header-display":"","ast-hfb-mobile-header-display":"","site-post-title":"","ast-breadcrumbs-content":"","ast-featured-img":"","footer-sml-layout":"","ast-disable-related-posts":"","theme-transparent-header-meta":"","adv-header-id-meta":"","stick-header-meta":"","header-above-stick-meta":"","header-main-stick-meta":"","header-below-stick-meta":"","astra-migrate-meta-layouts":"default","ast-page-background-enabled":"default","ast-page-background-meta":{"desktop":{"background-color":"var(--ast-global-color-5)","background-image":"","background-repeat":"repeat","background-position":"center center","background-size":"auto","background-attachment":"scroll","background-type":"","background-media":"","overlay-type":"","overlay-color":"","overlay-opacity":"","overlay-gradient":""},"tablet":{"background-color":"","background-image":"","background-repeat":"repeat","background-position":"center center","background-size":"auto","background-attachment":"scroll","background-type":"","background-media":"","overlay-type":"","overlay-color":"","overlay-opacity":"","overlay-gradient":""},"mobile":{"background-color":"","background-image":"","background-repeat":"repeat","background-position":"center center","background-size":"auto","background-attachment":"scroll","background-type":"","background-media":"","overlay-type":"","overlay-color":"","overlay-opacity":"","overlay-gradient":""}},"ast-content-background-meta":{"desktop":{"background-color":"var(--ast-global-color-4)","background-image":"","background-repeat":"repeat","background-position":"center center","background-size":"auto","background-attachment":"scroll","background-type":"","background-media":"","overlay-type":"","overlay-color":"","overlay-opacity":"","overlay-gradient":""},"tablet":{"background-color":"var(--ast-global-color-4)","background-image":"","background-repeat":"repeat","background-position":"center center","background-size":"auto","background-attachment":"scroll","background-type":"","background-media":"","overlay-type":"","overlay-color":"","overlay-opacity":"","overlay-gradient":""},"mobile":{"background-color":"var(--ast-global-color-4)","background-image":"","background-repeat":"repeat","background-position":"center center","background-size":"auto","background-attachment":"scroll","background-type":"","background-media":"","overlay-type":"","overlay-color":"","overlay-opacity":"","overlay-gradient":""}},"footnotes":""},"class_list":["post-181","page","type-page","status-publish","hentry"],"_links":{"self":[{"href":"https:\/\/frbio.blogs.ruhr-uni-bochum.de\/index.php\/wp-json\/wp\/v2\/pages\/181","targetHints":{"allow":["GET"]}}],"collection":[{"href":"https:\/\/frbio.blogs.ruhr-uni-bochum.de\/index.php\/wp-json\/wp\/v2\/pages"}],"about":[{"href":"https:\/\/frbio.blogs.ruhr-uni-bochum.de\/index.php\/wp-json\/wp\/v2\/types\/page"}],"author":[{"embeddable":true,"href":"https:\/\/frbio.blogs.ruhr-uni-bochum.de\/index.php\/wp-json\/wp\/v2\/users\/1"}],"replies":[{"embeddable":true,"href":"https:\/\/frbio.blogs.ruhr-uni-bochum.de\/index.php\/wp-json\/wp\/v2\/comments?post=181"}],"version-history":[{"count":6,"href":"https:\/\/frbio.blogs.ruhr-uni-bochum.de\/index.php\/wp-json\/wp\/v2\/pages\/181\/revisions"}],"predecessor-version":[{"id":219,"href":"https:\/\/frbio.blogs.ruhr-uni-bochum.de\/index.php\/wp-json\/wp\/v2\/pages\/181\/revisions\/219"}],"wp:attachment":[{"href":"https:\/\/frbio.blogs.ruhr-uni-bochum.de\/index.php\/wp-json\/wp\/v2\/media?parent=181"}],"curies":[{"name":"wp","href":"https:\/\/api.w.org\/{rel}","templated":true}]}}